Is 180 a factor of 2429189?
False
Is 21528 a multiple of 9?
True
Does 39 divide 1077700?
False
Does 69 divide 21882?
False
Is 1018777 a multiple of 121?
False
Does 25 divide 110900?
True
Is 1736750 a multiple of 50?
True
Is 675815 a multiple of 189?
False
Does 36 divide 887508?
True
Is 35265 a multiple of 174?
False
Is 104218 a multiple of 214?
True
Is 10617960 a multiple of 95?
True
Is 1345520 a multiple of 176?
True
Does 327 divide 12254325?
True
Does 77 divide 165781?
True
Is 1588384 a multiple of 1568?
True
Is 242355 a multiple of 261?
False
Is 227567 a multiple of 12?
False
Does 146 divide 1515253?
False
Is 332525 a multiple of 235?
True
Does 365 divide 8291705?
True
Is 126888 a multiple of 17?
True
Is 27992030 a multiple of 85?
True
Is 2468040 a multiple of 314?
True
Does 42 divide 6455484?
True
Is 2261 a factor of 10556332?
False
Is 54 a factor of 286902?
True
Is 111272 a multiple of 5?
False
Is 143 a factor of 92575?
False
Does 31 divide 50993?
False
Is 11 a factor of 1501126?
True
Does 730 divide 200126?
False
Is 71275 a multiple of 27?
False
Is 3322332 a multiple of 372?
True
Is 189945 a multiple of 15?
True
Is 19450021 a multiple of 1005?
False
Is 6 a factor of 235143?
False
Does 66 divide 9757044?
True
Is 3327960 a multiple of 12?
True
Is 5943434 a multiple of 615?
False
Is 66 a factor of 43602?
False
Is 60368 a multiple of 22?
True
Does 68 divide 183773?
False
Does 6 divide 88579?
False
Is 72 a factor of 1499328?
True
Does 24 divide 220677?
False
Is 118 a factor of 27441?
False
Does 602 divide 2113622?
True
Is 61831 a multiple of 7?
True
Is 5120803 a multiple of 1193?
False
Is 144580 a multiple of 621?
False
Is 63000 a multiple of 1125?
True
Does 20 divide 23220?
True
Does 2 divide 77998?
True
Is 1274 a factor of 21312746?
True
Does 543 divide 425696?
False
Is 630619 a multiple of 39?
False
Is 23 a factor of 2708620?
False
Does 32 divide 1435054?
False
Is 2567160 a multiple of 180?
True
Does 652 divide 1510684?
True
Does 12 divide 968880?
True
Is 117 a factor of 4916?
False
Is 57 a factor of 1354055?
False
Does 151 divide 285787?
False
Does 3 divide 3504?
True
Is 2397232 a multiple of 699?
False
Is 14 a factor of 46942?
True
Does 17 divide 9724?
True
Is 1249636 a multiple of 92?
True
Is 116 a factor of 1739612?
False
Does 14 divide 557917?
False
Is 929990 a multiple of 51?
False
Is 1188 a multiple of 12?
True
Is 1112426 a multiple of 21?
False
Does 275 divide 209275?
True
Is 281 a factor of 534743?
True
Is 9064 a multiple of 44?
True
Is 16 a factor of 3479262?
False
Does 9 divide 693890?
False
Is 11 a factor of 206349?
True
Is 61 a factor of 128588?
True
Is 2683156 a multiple of 553?
True
Is 15 a factor of 238111?
False
Is 35730 a multiple of 15?
True
Is 18265524 a multiple of 114?
False
Is 130138 a multiple of 62?
True
Is 140 a factor of 214602?
False
Is 10620 a multiple of 77?
False
Does 21 divide 7650587?
False
Is 702180 a multiple of 47?
True
Is 14 a factor of 121044?
True
Is 281 a factor of 839419?
False
Is 81618 a multiple of 3?
True
Is 42 a factor of 464436?
True
Does 81 divide 230466?
False
Is 169658 a multiple of 12?
False
Does 86 divide 97771?
False
Is 9720 a multiple of 60?
True
Does 275 divide 761750?
True
Is 246529 a multiple of 29?
True
Is 1416835 a multiple of 35?
True
Is 25 a factor of 224417?
False
Does 249 divide 2356117?
False
Is 14 a factor of 2361633?
False
Is 192290 a multiple of 410?
True
Does 22 divide 247844?
False
Is 264668 a multiple of 49?
False
Is 162 a factor of 83592?
True
Is 175160 a multiple of 5?
True
Is 1679709 a multiple of 449?
True
Is 16 a factor of 191822?
False
Is 5 a factor of 4027756?
False
Is 1410 a factor of 2767830?
True
Is 339 a factor of 314931?
True
Is 175461 a multiple of 429?
True
Is 3663297 a multiple of 25?
False
Does 4 divide 102244?
True
Is 27578 a multiple of 2?
True
Is 406 a factor of 664216?
True
Is 2464182 a multiple of 159?
True
Is 2877089 a multiple of 16?
False
Is 2273427 a multiple of 51?
True
Does 687 divide 427496?
False
Is 98 a factor of 2994391?
False
Is 74646 a multiple of 198?
True
Is 8 a factor of 1567?
False
Is 244584 a multiple of 74?
False
Is 2738172 a multiple of 53?
False
Is 2098260 a multiple of 90?
True
Is 19 a factor of 26524250?
False
Is 63 a factor of 468714?
False
Is 154 a factor of 4032363?
False
Is 270 a factor of 197796?
False
Is 794921 a multiple of 55?
False
Does 169 divide 6000852?
True
Does 66 divide 718376?
False
Is 9741543 a multiple of 10?
False
Does 37 divide 6771?
True
Does 88 divide 188848?
True
Is 59 a factor of 3130972?
False
Is 2187715 a multiple of 1038?
False
Is 3 a factor of 50083?
False
Is 224 a factor of 228480?
True
Does 12 divide 250737?
False
Is 9180 a multiple of 5?
True
Is 21 a factor of 169932?
True
Is 798 a multiple of 2?
True
Does 33 divide 884103?
True
Does 6 divide 15696?
True
Is 14 a factor of 1092594?
False
Is 418722 a multiple of 497?
False
Does 67 divide 1058490?
False
Is 53 a factor of 1311061?
True
Is 74 a factor of 197284?
True
Is 10 a factor of 2595374?
False
Is 402611 a multiple of 75?
False
Is 231 a factor of 1788412?
False
Is 22936 a multiple of 22?
False
Is 33 a factor of 441864?
False
Does 9 divide 247308?
False
Does 545 divide 5672281?
False
Is 21 a factor of 657762?
True
Is 7 a factor of 4880090?
False
Is 46719 a multiple of 197?
False
Is 870918 a multiple of 128?
False
Is 10 a factor of 117130?
True
Does 357 divide 398769?
True
Does 140 divide 6162428?
False
Is 12636 a multiple of 8?
False
Does 20 divide 11146120?
True
Is 244 a factor of 211343?
False
Does 60 divide 3648360?
True
Is 57 a factor of 1158696?
True
Is 1156398 a multiple of 111?
True
Does 800 divide 1356000?
True
Is 1004 a factor of 8798814?
False
Is 5178 a multiple of 7?
False
Does 44 divide 45672?
True
Is 9 a factor of 570852?
True
Is 7 a factor of 30443?
True
Is 1515 a factor of 683265?
True
Is 3 a factor of 54683?
False
Is 44026 a multiple of 9?
False
Is 202 a factor of 90092?
True
Is 4406710 a multiple of 413?
True
Is 32 a factor of 1350464?
True
Is 6897581 a multiple of 556?
False
Is 146 a factor of 52917?
False
Is 19 a factor of 8700537?
True
Is 2456 a factor of 26200608?
True
Is 96 a factor of 4342967?
False
Does 6 divide 137642?
False
Is 20 a factor of 2603215?
False
Is 1690 a factor of 5187244?
False
Does 30 divide 5535442?
False
Is 116 a factor of 70296?
True
Is 822 a factor of 11811731?
False
Is 782908 a multiple of 360?
False
Is 12 a factor of 44030?
False
Is 7 a factor of 1732192?
True
Is 65 a factor of 9321455?
True
Does 18 divide 765576?
True
Does 379 divide 10062450?
True
Is 82364 a multiple of 309?
False
Is 710983 a multiple of 7?
True
Is 393 a factor of 411471?
True
Is 25 a factor of 55450?
True
Is 369444 a multiple of 120?
False
Is 34 a factor of 144113?
False
Does 279 divide 289323?
True
Does 213 divide 235055?
False
Is 1727055 a multiple of 55?
True
Does 9 divide 5697?
True
Does 378 divide 159516?
True
Does 5 divide 86313?
False
Does 27 divide 476901?
True
Does 399 divide 11360183?
False
Does 56 divide 211627?
False
Is 26 a factor of 1137?
False
Is 753 a factor of 1178585?
False
Does 296 divide 415288?
True
Is 129 a factor of 404957?
False
Is 306762 a multiple of 174?
True
Is 63912 a multiple of 47?
False
Does 134 divide 77266?
False
Is 31 a factor of 3028731?
True
Is 202140 a multiple of 90?
True
Is 316 a factor of 6680872?
True
Is 121883 a multiple of 67?
False
Is 477465 a multiple of 417?
True
Is 2280 a multiple of 190?
True
Is 3187309 a multiple of 237?
False
Is 76001 a multiple of 60?
False
Does 30 divide 18175?
False
Is 52 a factor of 188157?
False
Does 278 divide 311069?
False
Does 21 divide 207564?
True
Does 5 divide 41185?
True
Is 1087880 a multiple of 52?
False
Does 13 divide 30667?
True
Is 101 a factor of 20593168?
False
Does 536 divide 862940?
False
Is 212 a factor of 1065355?
False
Is 35 a factor of 8454075?
True
Is 1933667 a multiple of 233?
True
Is 3 a factor of 54515?
False
Does 14 divide 114730?
True
Is 407376 a multiple of 48?
True
Is 632 a factor of 1005512?
True
Is 673754 a multiple of 40?
False
Does 227 divide 9221606?
False
Is 673 a factor of 25288980?
False
Is 3487726 a multiple of 114?
False
Does 325 divide 15711?
False
Is 5 a factor of 54070?
True
Is 11 a factor of 3855049?
True
Is 337390 a mu